a prime number?
True
Suppose -g = 5 - 1. Is (0 - -303)*(-4)/g a composite number?
True
Let r(d) = -2*d**3 - 3*d**2 - 2*d - 2. Let w be r(6). Let u = w + 369. Is (u/20)/((-1)/4) prime?
True
Let f(w) = -30*w + 139. Is f(-6) prime?
False
Is (380 - 1) + 5 + 5/(-1) a composite number?
False
Suppose -3*i = 4*v - 2909, 4 = 2*v - 0. Is i composite?
False
Suppose -5*h + 11 = -3*p, 6*h - 31 = 2*h - 5*p. Let r(a) = -4*a + 94. Let d be r(20). Suppose -294 = -h*q + d. Is q composite?
True
Is (146676/(-510))/((-4)/410) a composite number?
True
Let f be ((-21)/14)/((-1)/2). Is 295 - (f - 3/3) a composite number?
False
Let k be -2 - 0 - (3 - 2). Let g be -10*5/(-10) - -34. Is (k + g/12)*596 prime?
True
Suppose 0 = -4*v + 4*l + 68931 + 13361, 2*v = l + 41146. Is v composite?
True
Let w = -150 - -346. Suppose -w = 4*u - 80. Let c = u + 60. Is c a prime number?
True
Suppose -8*i - 243 + 3 = 0. Is (-1)/(-6) + (-9925)/i a prime number?
True
Let o = 5852 + -2481. Is o prime?
True
Suppose 5*w + 13 = q, -3*q = -w + 3*w - 56. Let t be (126/28)/(1/q). Let d = t + 10. Is d prime?
False
Suppose 3*h = 6*h - 1773. Suppose k = -2*n + h, 4*n - 2*k = -3*k + 1177. Is n prime?
True
Let i(k) = k + 50*k + 2 + 43*k. Let g be i(11). Suppose -g = -4*o - 0*o. Is o a prime number?
False
Suppose -5*m - 1534 = -2*u - 23456, -8768 = -2*m + u. Let p be (6/9)/(4/m). Suppose 0 = -4*x + p - 307. Is x a composite number?
True
Let a be (8/6)/((-2)/564). Let d = a + 661. Let m = 508 - d. Is m composite?
False
Let c(i) = -159*i - 9. Let y be c(-6). Suppose -5*l + 4670 - y = 0. Suppose -l - 340 = -5*b. Is b composite?
True
Let p(j) be the third derivative of -j**6/120 + j**5/6 + 7*j**4/24 - 7*j**3/6 + 3*j**2. Let f be p(8). Suppose 3*g - f = 432. Is g composite?
True
Let x(b) = -3*b**2 + b - 3034. Let f(q) = -2*q**2 + q - 1517. Let k(d) = 5*f(d) - 3*x(d). Is k(0) composite?
True
Let a be ((-105)/20)/(3/12). Let r be 2/(-7) + 687/a. Is (-5)/((-30)/r - 1) a prime number?
False
Is 4/(-5) - 94450/(-250) a prime number?
False
Let h be 1462 - -4 - (1 + -1 + 2). Suppose 4*a - h = 992. Is a a composite number?
True
Let k(r) = -r**2 - 6*r - 6. Let o be k(-4). Let l be (o - -3)/(-4 + 3). Let i = l + 150. Is i composite?
True
Suppose -6 = -5*t + 3*t. Let a(d) = -19*d + 2. Let g be a(t). Let s = g + 92. Is s composite?
False
Suppose 2*w - 5*k = -26, w = -2*w + 4*k - 39. Let s = 21 + w. Suppose -3*i = -s*i + 295. Is i a prime number?
True
Is 7 - ((-2)/4)/(14/1128848) a composite number?
True
Let c(o) = 0*o**2 + 1852 + 1666 + o**2 + 1437. Is c(0) a prime number?
False
Suppose -5*w + 1 = 2*h + 5, -4*w - 5*h - 10 = 0. Suppose -4*o + 2437 + 735 = w. Is o composite?
True
Suppose 9 = 3*j - 0. Suppose 3*f = j*a + f - 96, -4*f + 148 = 4*a. Is a composite?
True
Let i = -18998 - -32977. Is i a composite number?
True
Suppose 5*x - 5*t = -65, 4*t - 3*t = 4*x + 55. Let b be (6/(-21))/(2/x). Is ((-1315)/10)/(b/(-4)) a composite number?
False
Suppose -303*y + 293*y = -663270. Is y a prime number?
False
Let i(z) = -z**2 + 7*z - 3. Suppose -5*l - q + 18 = 0, 5*q + 12 = -l + 30. Suppose 11 = 5*x - 2*f - 20, 5*x - l*f = 34. Is i(x) composite?
False
Suppose 1836 - 13687 = -7*y. Is y composite?
False
Let p = -669 - 294. Let t be (6/9)/(6/p). Let l = 210 + t. Is l a composite number?
False
Let v(x) = -347*x + 180. Is v(-23) prime?
True
Let h(t) = 98*t - 3. Let n(z) = -65*z + 2. Let k(r) = 5*h(r) + 8*n(r). Suppose 3*l - 4 = -13. Is k(l) prime?
False
Let c be 1 + 1 + (-15 - -6). Let n = 10 + c. Suppose 3*p = v - 284, -2*p = 4*v + n*p - 1187. Is v a composite number?
False
Suppose 15 = 5*p - 65. Let v be 1*(-2 - -1)*-30. Let j = v - p. Is j composite?
True
Suppose -15 = -2*j - 3*j. Suppose -5*c = -j*c. Suppose c = -2*n + 5*h + 286, 0*h + 5*h - 429 = -3*n. Is n a composite number?
True
Let a = -919 + 2820. Is a composite?
False
Let w(o) = -o**3 - o**2 - 5*o + 2. Let a be -9*1 - 22/(-11). Is w(a) a composite number?
False
Let q(x) = 35*x - 77. Is q(38) prime?
False
Let u = -913 - 1955. Let v = -817 - u. Is v a composite number?
True
Let w(u) = -940*u**3 - 11*u**2 - 32*u + 10. Is w(-3) composite?
True
Let s = 757 + 6613. Suppose 1211 = -3*p + s. Is p prime?
True
Let a(u) = 96*u**2 + u + 54. Is a(7) prime?
False
Let j(a) = -902*a - 177. Is j(-20) a prime number?
True
Let h = -1 - -7. Suppose -h*m + 88500 = 14886. Is m a prime number?
True
Is 7728/23 + 3*2/2 a prime number?
False
Let q = -10 - -19. Let s = q + -6. Suppose -3*f + 569 = 2*t, -s*t - 939 = -5*f - 4*t. Is f a prime number?
False
Let q = -559 + 785. Suppose 2*r = d - 80, -97 = 5*r + d + 110. Let t = r + q. Is t a prime number?
False
Let l = 15449 + -6255. Is l composite?
True
Suppose w + 3*w - 15556 = 4*s, 4*w - 15555 = 5*s. Suppose -3*y + w = 1133. Is y a composite number?
False
Let q(d) be the third derivative of -d**6/120 + 13*d**5/60 + 5*d**4/12 - d**3/2 + 32*d**2. Is q(8) prime?
True
Let r = 22682 - 14689. Is r prime?
True
Suppose -5*r + 4*r + 17 = 0. Suppose 0 = -4*x - p + 4, -4*p + r = 4*x + 1. Suppose -m + 0*m + 26 = x. Is m composite?
True
Let q(k) = 25*k - 56. Suppose 5*d = 2*u - 27, 4*d + 51 = 3*u - 0*u. Is q(u) composite?
True
Let j be 1 - (2/5)/(1/(-5)). Suppose 0 = -0*m + j*m - 777. Is m prime?
False
Let p(d) = -d**3 - 8*d**2 - 16*d - 57. Is p(-24) a composite number?
True
Let r(k) = -k. Let i(n) = -17647*n. Let t(z) = -i(z) + 15126*r(z). Is t(1) a prime number?
True
Suppose g = -g - 4*v + 16238, 5*g + 5*v - 40590 = 0. Is g prime?
True
Let i = 639 + -2878. Let f = -1329 - i. Let h = -491 + f. Is h a prime number?
True
Let y(c) = -55*c + 292. Let j be y(6). Let t be ((-142)/(-4))/(1/2). Let h = t - j. Is h a prime number?
True
Let n(f) = -11*f - 27. Let l be n(14). Let j = l - -304. Is j composite?
True
Let g be (-2564 + 18)/(-1 - -2). Is (0 - g)/((-13)/(78/(-12))) a composite number?
True
Let v = 9915 - 4246. Is v a composite number?
False
Let v(a) = a. Let t be v(-4). Is ((-479)/t)/(1 + 6/(-8)) composite?
False
Let a be ((-4)/6)/((-12)/378). Suppose -v - a = 6*v. Let f = v - -7. Is f composite?
True
Is -10 + 9/3 + (10 - -2626) a prime number?
False
Let b(t) = 13*t**2 + 10*t + 16. Is b(-21) prime?
False
Let q = 50 - 93. Let n = -77 + q. Is 4/(-2 - n/58) a prime number?
False
Let x(u) be the first derivative of u**2/2 + u - 1. Let w be x(2). Suppose 2*i + 77 = w*i. Is i composite?
True
Let f(w) = w + 32. Let k be f(-23). Suppose 3*j + 2*q = 267, j - k - 80 = -q. Is j a composite number?
False
Let c be (-6 + 8)*1/2. Is (-22)/(c + -1*(4 + -1)) a composite number?
False
Let y be 31/11 + (-4)/(-22). Suppose -y*k - 3096 = -7*k. Suppose 5*s + b - k = 0, 5 = -4*b + 1. Is s a prime number?
False
Let s(i) = -18*i**2 - 4*i + 8. Let d be s(-6). Let c be 2/(-3 - 1844/d). Is 2/6 - c/12 composite?
True
Suppose -4*k = -658 + 90. Suppose -2*j = 2, 4*f - 1375 + k = 5*j. Is f a composite number?
False
Let v = 2687 + 2084. Is v a prime number?
False
Is -9 + 396/45 - 114672/(-10) a composite number?
False
Let n(j) = -j**3 + 22*j**2 + 24*j - 21. Let u be n(23). Let m(a) be the third derivative of 181*a**4/24 - a**3/2 + 2*a**2. Is m(u) a prime number?
True
Is ((-1112092)/(-87))/((-12)/(-63)) prime?
False
Let i(g) be the second derivative of -g**5/60 - g**4/2 + g**2 + 3*g. Let l(s) be the first derivative of i(s). Is l(-5) a prime number?
False
Suppose 3*o - 6 = 0, 2*s - 276 = -2*o + 550. Let g = s - 94. Is g a prime number?
True
Suppose 1774 = 4*n - 0*s - 5*s, 0 = -2*n + 3*s + 886. Is n a composite number?
True
Let l = -3739 - -13226. Is l a prime number?
False
Suppose 11400 - 2702 = 2*a. Is a a composite number?
False
Is (26 - -71)/((-4)/(-404)) a composite number?
True
Let f(b) = b**2 + 17*b - 34. Let i be f(-20). Suppose 5*h = -2*a - 225, 2*h - a - a = -76. Let n = i - h. Is n a composite number?
True
Suppose 2*b + 5*l = -29, 2 = -5*b - 2*l - 18. Is (b/(-4))/((-54345)/10870 - -5) composite?
False
Let r be (-2)/(12/9)*-262. Suppose -7*t + r = -2414. Is t prime?
True
Suppose 0*g = -4*a + 4*g, -3*a + 12 = 3*g. Suppose -m - 99 = -a*m - 2*y, -386 = -4*m + 2*y. Is m a prime number?
True
Let h(l) = 2777*l**2 + 6*l - 4. Is h(1) prime?
False
Suppose -15 = 3*u, -4*u + 143 - 598 = 3*n. Is (4 - n)/(2 + (-18)/10) a composite number?
True
Suppose 5*w - 29600 = -6*s + s, 2*s = 2. Is w composit